10110
Convert -1828 (base 10) to base 12.
-1084
Convert -33000 (base 5) to base 11.
-1766
What is -4853 (base 10) in base 9?
-6582
What is -1283 (base 9) in base 8?
-1706
-157e (base 15) to base 16
-120b
What is 2675 (base 13) in base 10?
5504
What is -5191 (base 16) in base 9?
-31571
Convert 11e7 (base 15) to base 16.
ee9
What is -e17 (base 15) in base 14?
-1228
What is 3269 (base 15) in base 12?
6216
Convert 191 (base 15) to base 4.
11221
1 (base 10) to base 13
1
What is -2103 (base 11) in base 6?
-20522
What is 26136 (base 9) in base 12?
a236
Convert -39e (base 16) to base 4.
-32132
What is 2200 (base 3) in base 4?
1020
-373 (base 12) to base 4
-20013
ba1 (base 13) to base 3
2201201
215 (base 13) to base 4
11210
Convert -13236 (base 7) to base 8.
-6743
-3 (base 14) to base 16
-3
13544 (base 6) to base 10
2152
-226 (base 13) to base 14
-1c6
What is -499 (base 15) in base 14?
-548
What is -388 (base 14) in base 8?
-1304
Convert 255 (base 7) to base 14.
9c
What is 30001 (base 7) in base 11?
545a
What is -1279a (base 11) in base 15?
-5624
What is 20011 (base 4) in base 6?
2221
What is 124543 (base 6) in base 5?
331224
24b (base 16) to base 11
494
1407 (base 8) to base 3
1001201
What is -43221 (base 6) in base 4?
-1130131
2351 (base 6) to base 14
2cb
What is -197 (base 12) in base 5?
-2014
-1204104 (base 5) to base 3
-1010201210
Convert 110001011001001 (base 2) to base 5.
1302124
-3023322 (base 4) to base 13
-5c2b
101010010010 (base 2) to base 16
a92
Convert -301 (base 12) to base 4.
-12301
21311 (base 6) to base 13
143b
What is -238 (base 14) in base 12?
-30a
Convert 19d5 (base 16) to base 9.
10057
1100 (base 8) to base 9
710
What is a4c (base 16) in base 4?
221030
What is -1178 (base 10) in base 8?
-2232
Convert -2163 (base 9) to base 14.
-820
Convert -9029 (base 10) to base 14.
-340d
What is 92c (base 14) in base 13?
a8a
-b99 (base 16) to base 12
-1875
What is 244 (base 13) in base 2?
110001010
What is -295 (base 16) in base 5?
-10121
What is -bc (base 13) in base 16?
-9b
Convert -1501 (base 10) to base 2.
-10111011101
Convert 566 (base 9) to base 4.
13101
-181 (base 15) to base 14
-1aa
Convert 21210021 (base 3) to base 11.
42a1
-223 (base 5) to base 16
-3f
-bc9 (base 15) to base 9
-3580
-111000101 (base 2) to base 8
-705
Convert -322 (base 11) to base 15.
-1ac
Convert 120122 (base 4) to base 7.
4361
Convert 22141 (base 5) to base 6.
11054
-336 (base 16) to base 15
-39c
410201 (base 5) to base 16
3378
What is 11011 (base 4) in base 16?
145
Convert -1118 (base 9) to base 15.
-3a2
What is -2625 (base 10) in base 12?
-1629
662 (base 7) to base 13
200
-9193 (base 12) to base 10
-15807
-b194 (base 12) to base 9
-28374
Convert 10122010 (base 4) to base 13.
82a8
2578 (base 16) to base 2
10010101111000
587 (base 16) to base 12
99b
422310 (base 5) to base 6
145104
26493 (base 11) to base 10
37854
What is 1011 (base 4) in base 9?
76
352 (base 11) to base 12
2b0
What is 1479 (base 10) in base 14?
779
What is 1c1 (base 16) in base 5?
3244
What is 74238 (base 10) in base 7?
426303
Convert e0c (base 15) to base 3.
11100010
6 (base 12) to base 13
6
Convert 19a7 (base 12) to base 2.
110001001111
-440142 (base 6) to base 8
-106776
What is 20235 (base 6) in base 10?
2687
-12630 (base 7) to base 9
-4600
What is 17183 (base 10) in base 11?
11a01
Convert 2444 (base 6) to base 14.
312
What is 100011220 (base 3) in base 16?
1a25
What is 17 (base 9) in base 15?
11
What is 181 (base 14) in base 12?
219
Convert -41263 (base 8) to base 9.
-25372
Convert 102234 (base 5) to base 7.
13020
-2822 (base 13) to base 5
-141044
-10001111000 (base 2) to base 10
-1144
-37 (base 16) to base 14
-3d
Convert 2004443 (base 5) to base 16.
7c81
d6 (base 15) to base 2
11001001
6986 (base 10) to base 8
15512
Convert 22 (base 9) to base 11.
19
-130120 (base 5) to base 14
-1b99
What is 514 (base 14) in base 8?
1746
-12102 (base 4) to base 3
-112220
Convert 26777 (base 12) to base 7.
310225
-16a7 (base 13) to base 5
-101343
634 (base 16) to base 3
2011211
Convert -11000111010101 (base 2) to base 3.
-122111111
Convert -81 (base 15) to base 5.
-441
-297 (base 14) to base 2
-1000001101
What is -101101000000 (base 2) in base 10?
-2880
What is 11000110 (base 2) in base 8?
306
What is -571 (base 11) in base 3?
-221022
What is 36435 (base 8) in base 3?
210110110
What is 370 (base 12) in base 13?
309
What is 25a5 (base 11) in base 13?
1702
76da (base 15) to base 13
b5cc
222 (base 12) to base 7
626
1133220 (base 4) to base 8
13750
What is -5e48 (base 15) in base 9?
-30505
Convert -2202101 (base 3) to base 16.
-7d8
1110102 (base 3) to base 12
748
Convert 1101100010 (base 2) to base 15.
3cb
45a6 (base 11) to base 3
22021220
-5d4 (base 14) to base 7
-3254
12511 (base 7) to base 3
11120201
Convert 10161 (base 10) to base 16.
27b1
-1210220002 (base 3) to base 5
-2120032
What is 110101111001 (base 2) in base 13?
1754
121012 (base 3) to base 6
2005
-3e (base 16) to base 7
-116
Convert 850 (base 10) to base 7.
2323
What is 489 (base 14) in base 5?
12110
Convert -68 (base 10) to base 6.
-152
Convert 165423 (base 8) to base 15.
12c6e
26208 (base 10) to base 12
13200
What is 1665 (base 10) in base 11?
1284
Convert -2a4 (base 11) to base 16.
-164
Convert 12 (base 14) to base 16.
10
Convert 2a4 (base 15) to base 16.
25c
Convert -367 (base 14) to base 7.
-1660
-131375 (base 8) to base 15
-d89b
-110011110 (base 2) to base 13
-25b
What is -10111302 (base 4) in base 6?
-214150
What is 3203100 (base 4) in base 12?
8500
What is -1aa (base 11) in base 13?
-157
-25430 (base 8) to base 13
-5038
Convert -10222 (base 5) to base 6.
-3103
Convert -10100 (base 2) to base 8.
-24
Convert -1502 (base 6) to base 8.
-616
Convert 1007 (base 8) to base 3.
201020
What is -123044 (base 7) in base 5?
-1211140
What is 226 (base 9) in base 12?
136
-3420 (base 5) to base 16
-1e5
Convert 59 (base 12) to base 7.
126
352346 (base 7) to base 3
10012211012
What is 695 (base 16) in base 4?
122111
Convert -375 (base 9) to base 4.
-10313
Convert -200201 (base 5) to base 8.
-14235
304242 (base 5) to base 12
590b
-3318 (base 11) to base 5
-120000
201200 (base 3) to base 11
443
What is 777 (base 11) in base 8?
1643
What is -7322 (base 10) in base 14?
-2950
Convert 2038 (base 11) to base 3.
10201010
What is -121a8 (base 12) in base 8?
-57620
14780 (base 14) to base 12
25538
-21452 (base 8) to base 9
-13312
Convert -2767 (base 8) to base 3.
-2002120
-100100001100111 (base 2) to base 12
-a887
2012 (base 4) to base 16
86
-363120 (base 7) to base 14
-1a047
Convert 50944 (base 10) to base 15.
10164
31400 (base 6) to base 16
1098
3ebf (base 16) to base 11
11083
Convert 780 (base 9) to base 11.
531
What is 212110 (base 3) in base 14?
333
-4661 (base 13) to base 15
-2ddb
What is 171134 (base 8) in base 3?
10011002221
Convert 1244 (base 10) to base 5.
14434
Convert 831 (base 10) to base 13.
4bc
7523 (base 8) to base 3
12101022
What is 1220222 (base 3) in base 7?
4043
Convert 34a (base 16) to base 5.
11332
Convert b47 (base 13) to base 15.
87d
-3d (base 15) to base 6
-134
What is -1424 (base 8) in base 11?
-657
Convert -104300 (base 6) to base 16.
-222c
4aa (base 13) to base 10
816
-81be (base 15) to base 8
-65414
Convert 21434 (base 5) to base 15.
699
Convert 964 (base 16) to base 8.
4544
Convert 342432 (base 5) to base 3.
121210102
-103332022 (base 4) to base 12
-3b40a
-206 (base 12) to base 9
-356
Convert -44516 (base 7) to base 4.
-2233202
Convert -4926 (base 13) to base 16.
-2865
-23241 (base 5) to base 7
-4642
-bb1 (base 15) to base 11
-1a91
7133 (base 11) to base 5
300344
-112 (base 7) to base 12
-4a
1366 (base 7) to base 13
325
-26403 (base 8) to base 11
-8726
Convert 10001001010 (base 2) to base 5.
13343
-9133 (base 12) to base 13
-7215
Convert 2024 (base 10) to base 8.
3750
What is 3063 (base 9) in base 15?
9e9
Convert -449 (base 16) to base 12.
-775
What is 1122101 (base 3) in base 7?
3331
What is -112002 (base 3) in base 10?
-380
7d (base 15) to base 14
86
Convert -36200 (base 7) to base 16.
-248f
Convert -43028 (base 9) to base 8.
-67451
22bb (base 15) to base 14
298c
Convert -2268 (base 12) to base 7.
-14102
-630 (base 8) to base 13
-255
Convert b16 (base 13) to base 9.
2516
-1907 (base 11) to base 8
-4573
Convert 300113 (base 4) to base 5.
4